59714?
4
What is the hundreds digit of 48113473?
4
What is the thousands digit of 236527972?
7
What is the tens digit of 468188654?
5
What is the hundred thousands digit of 32196421?
1
What is the millions digit of 2998274158?
8
What is the tens digit of 44290502?
0
What is the hundred thousands digit of 4208813348?
8
What is the hundreds digit of 1296776199?
1
What is the hundreds digit of 72996994?
9
What is the ten millions digit of 296742407?
9
What is the hundreds digit of 37312607?
6
What is the units digit of 6171846287?
7
What is the hundred millions digit of 142883820?
1
What is the millions digit of 654179342?
4
What is the millions digit of 193020483?
3
What is the millions digit of 27130136?
7
What is the hundred thousands digit of 2668690569?
6
What is the units digit of 7480011053?
3
What is the hundred millions digit of 1277662157?
2
What is the millions digit of 86857033?
6
What is the units digit of 160220083?
3
What is the hundred thousands digit of 102298030?
2
What is the hundred millions digit of 289583261?
2
What is the hundred thousands digit of 382085444?
0
What is the thousands digit of 289301832?
1
What is the units digit of 226296317?
7
What is the units digit of 3000667014?
4
What is the ten millions digit of 188778860?
8
What is the ten millions digit of 709016405?
0
What is the hundreds digit of 544910844?
8
What is the billions digit of 3249617667?
3
What is the millions digit of 291934731?
1
What is the millions digit of 96963526?
6
What is the hundred thousands digit of 1742856666?
8
What is the ten thousands digit of 87175676?
7
What is the hundreds digit of 173052528?
5
What is the millions digit of 905320999?
5
What is the units digit of 376681002?
2
What is the hundred millions digit of 828498889?
8
What is the millions digit of 485014082?
5
What is the hundred thousands digit of 454901154?
9
What is the hundred thousands digit of 2147363460?
3
What is the millions digit of 452178318?
2
What is the hundreds digit of 115323153?
1
What is the hundred millions digit of 972264641?
9
What is the tens digit of 125242572?
7
What is the tens digit of 958457467?
6
What is the millions digit of 81763414?
1
What is the units digit of 2044611377?
7
What is the hundreds digit of 81764086?
0
What is the millions digit of 65463168?
5
What is the ten thousands digit of 34268716?
6
What is the units digit of 272964643?
3
What is the hundred thousands digit of 2070210581?
2
What is the thousands digit of 480812565?
2
What is the hundred millions digit of 297997599?
2
What is the hundreds digit of 969206342?
3
What is the hundred millions digit of 897211230?
8
What is the ten thousands digit of 48297886?
9
What is the millions digit of 72786044?
2
What is the units digit of 2713293?
3
What is the units digit of 394512825?
5
What is the tens digit of 361488345?
4
What is the hundred millions digit of 3990743001?
9
What is the hundreds digit of 9527425?
4
What is the ten thousands digit of 10280494?
8
What is the hundred millions digit of 4499602056?
4
What is the hundred millions digit of 1991584195?
9
What is the millions digit of 154106654?
4
What is the millions digit of 55661548?
5
What is the ten thousands digit of 32902556?
0
What is the tens digit of 235382941?
4
What is the units digit of 1049305997?
7
What is the thousands digit of 571518377?
8
What is the thousands digit of 128308053?
8
What is the millions digit of 58197522?
8
What is the ten millions digit of 683115985?
8
What is the ten millions digit of 310165298?
1
What is the ten thousands digit of 37839344?
3
What is the units digit of 502005844?
4
What is the tens digit of 546436221?
2
What is the thousands digit of 581002520?
2
What is the hundred millions digit of 220496494?
2
What is the ten millions digit of 1186970405?
8
What is the units digit of 308531592?
2
What is the hundreds digit of 48796620?
6
What is the ten millions digit of 82512530?
8
What is the ten millions digit of 44847813?
4
What is the millions digit of 102180792?
2
What is the hundreds digit of 1922919975?
9
What is the ten millions digit of 433264866?
3
What is the hundred millions digit of 3396251443?
3
What is the hundred thousands digit of 1698053?
6
What is the hundred thousands digit of 346852084?
8
What is the billions digit of 3918549200?
3
What is the ten millions digit of 161671648?
6
What is the hundred millions digit of 324007445?
3
What is the tens digit of 509454549?
4
What is the hundred thousands digit of 79389790?
3
What is the hundreds digit of 181410143?
1
What is the thousands digit of 110227177?
7
What is the ten millions digit of 2007786563?
0
What is the millions digit of 198188174?
8
What is the thousands digit of 52725295?
5
What is the millions digit of 164248538?
4
What is the ten thousands digit of 253648370?
4
What is the millions digit of 158468073?
8
What is the millions digit of 37371137?
7
What is the millions digit of 692881108?
2
What is the hundred thousands digit of 3199465211?
4
What is the units digit of 270522323?
3
What is the ten millions digit of 635436944?
3
What is the units digit of 89389111?
1
What is the ten thousands digit of 13890476?
9
What is the billions digit of 2278242207?
2
What is the hundred millions digit of 410299341?
4
What is the ten thousands digit of 126515810?
1
What is the billions digit of 1232775893?
1
What is the tens digit of 41882330?
3
What is the hundreds digit of 18731329?
3
What is the hundred millions digit of 796113448?
7
What is the units digit of 337076930?
0
What is the millions digit of 874963400?
4
What is the thousands digit of 122001379?
1
What is the tens digit of 15023236?
3
What is the units digit of 270543898?
8
What is the ten thousands digit of 1270735748?
3
What is the units digit of 41806732?
2
What is the units digit of 95325214?
4
What is the hundred thousands digit of 24065076?
0
What is the millions digit of 718091526?
8
What is the tens digit of 293403536?
3
What is the hundred millions digit of 924545264?
9
What is the units digit of 1478413?
3
What is the ten millions digit of 2465945194?
6
What is the tens digit of 3087291706?
0
What is the millions digit of 113991373?
3
What is the units digit of 100937888?
8
What is the tens digit of 40997848?
4
What is the hundred thousands digit of 599832838?
8
What is the hundred thousands digit of 24956235?
9
What is the hundred thousands digit of 58795303?
7
What is the thousands digit of 420035685?
5
What is the thousands digit of 80594740?
4
What is the millions digit of 47692992?
7
What is the hundred thousands digit of 1330394569?
3
What is the ten thousands digit of 1656721947?
2
What is the ten thousands digit of 268138458?
3
What is the tens digit of 27479568?
6
What is the hundred thousands digit of 832591865?
5
What is the millions digit of 87820844?
7
What is the tens digit of 58318378?
7
What is the hundred thousands digit of 2121855349?
8
What is the ten thousands digit of 317775749?
7
What is the thousands digit of 73913455?
3
What is the ten millions digit of 2222275788?
2
What is the thousands digit of 127085173?
5
What is the thousands digit of 1921577450?
7
What is the millions digit of 655334311?
5
What is the hundred thousands digit of 141499993?
4
What is the ten thousands digit of 1886267?
8
What is the millions digit of 2839699207?
9
What is the hundred thousands digit of 89882131?
8
What is the billions digit of 1565304188?
1
What is the units digit of 15262046?
6
What is the millions digit of 252703772?
2
What is the hundreds digit of 38738128?
1
What is the millions digit of 48232703?
8
What is the thousands digit of 67331554?
1
What is the ten millions digit of 58894770?
5
What is the units digit of 67718639?
9
What is the billions digit of 4512638896?
4
What is the thousands digit of 1561164641?
4
What is the hundred thousands digit of 449951729?
9
What is the hundred thousands digit of 46386372?
3
What is the hundred thousands digit of 559903270?
9
What is the millions digit of 144474871?
4
What is the ten millions digit of 503322600?
0
What is the tens digit of 204123276?
7
What is the millions digit of 31575796?
1
What is the hundred thousands digit of 37586853?
5
What is the hundreds digit of 4271133861?
8
What 